et r(g) = g**3 - 5*g**2 + 3*g + 3. Give r(j).
-6
Let n(u) = -13*u + 3. Let k(s) = -6*s + 1. Let r(z) = -4*k(z) + 2*n(z). Determine r(1).
0
Let u(v) = -14*v**2 + 9*v + 1. Suppose -12*f = -0*f - 132. Let s(a) = -8*a**2 + 3*a + 0*a + f*a**2 - 8*a**2. Let n(p) = -17*s(p) + 6*u(p). Calculate n(-6).
24
Let a(y) = 4*y**2 - y - 7. Let n(h) = -3*h**2 + 18*h + 72. Let d(z) = a(z) + n(z). Calculate d(-7).
-5
Let m(t) = 2 - 2*t - 3 - 7. Suppose 0 = l, -l + 3*l - 124 = 4*d - 100. Determine m(d).
4
Let p = 22 - 4. Suppose 0 = p*f - 13 - 5. Let d(n) = -19*n + 1. Determine d(f).
-18
Let y(p) = -p**2 + 16*p - 13. Suppose 0 = 3*v - 15, -2*x + 24 = -4*v + 14. Determine y(x).
2
Let z(x) be the second derivative of x**3/2 + 4*x**2 - 2*x + 87. What is z(-2)?
2
Let g(x) = -2*x + 5. Suppose -2*b + 2 = -b, 5*d - 2*b - 11 = 0. Suppose -3 + 0 = -d*i + 3*v, 0 = -4*i - 4*v + 44. Determine g(i).
-7
Let l(k) = k**3 + 13*k**2 + 20*k - 20. Let i be l(-11). Suppose -2*j - o = o - 20, 0 = -i*o. Suppose -9*c = j - 82. Let m(a) = a + 9. Give m(c).
17
Let r(g) = -g**3 - 22*g**2 - 23*g - 8. Let j be r(-21). Suppose t + j = 37. Let f(z) = z - 1. What is f(t)?
2
Let m(d) = -d**3 - 2*d - 3*d**2 + 0*d + 0*d + 2*d**3 - 3. Let c(r) = -11*r**2 + 1177*r + 4. Let a be c(107). Determine m(a).
5
Let v(l) = 2*l - 12*l + l**2 + 6*l - 2. Let h(z) = 3*z + 22. Let q(k) = 5*k + 14. Let y be q(-4). Let m be h(y). Give v(m).
-2
Let g(x) = -20*x**3 + 47*x**3 - 28 + 4*x - 30*x - 29*x**3 + 12 + 53*x**2. Calculate g(26).
-16
Suppose 2*h + 4 = -3*j + 4*h, -4*j = -h + 7. Let t = j - -3. Let b(v) be the third derivative of -v**6/40 - v**5/30 + v**4/24 - v**2 + v. Calculate b(t).
-4
Let o(y) = 2*y**2 - y. Let w(h) be the first derivative of -3*h**2/2 - 7*h + 10. Suppose 5*z + 30 = -4*k - 7, -5*k - z - 20 = 0. Let u be w(k). What is o(u)?
6
Let z(d) = -6*d + 56. Let k be z(7). Let j(y) = -328*y + y**2 + 655*y - 339*y - k. What is j(13)?
-1
Let y(g) = 77*g - 69. Let w(m) = 64*m - 67. Let v(f) = 6*w(f) - 5*y(f). What is v(0)?
-57
Let v(y) = -4418 - 4416 + 8834 + y. Let s(q) = -1. Let n(i) = -2*i - 4. Let t be n(-3). Let x(k) = t*s(k) + v(k). Give x(-5).
-7
Let m(y) = -3*y + 2. Let q(t) = -t**3 + 21*t**2 + 3*t + 26. Let d be q(21). Let h = d - 86. What is m(h)?
-7
Let h be (-1 - 0)/(7/42). Let m be (-5)/(-15) + (0 + 2)/h. Let x(r) = m*r + r + 10 + 0*r - 11. What is x(6)?
5
Let u(a) = -2*a + 8. Let o be 2/6*0 - -3. Suppose -6 = -3*n - 3*q, o*n = -n - 2*q + 14. Suppose n*v = -5*m + 15, -2*v - v - 27 = -3*m. Determine u(m).
-4
Let n be (-2)/(-5) + (-16)/(-10). Let s = n - 5. Let l(q) = 36*q**2 + 46*q + 641. Let p(g) = 7*g**2 + 9*g + 124. Let k(v) = 6*l(v) - 31*p(v). Give k(s).
2
Let q(u) = -4*u - 51. Suppose 0 = -6*b + 14*b + 96. Let a be q(b). Let k(v) = v**3 - 3*v + 2. Calculate k(a).
-16
Let g = 15 - -233. Let a = g + -256. Let j(m) = -m**2 - 9*m - 3. What is j(a)?
5
Let u(q) = 4*q**3 - 10*q**2 - 4*q + 1. Let f(p) = p**3 + 12*p**2 - 63*p + 19. Let j be f(-16). What is u(j)?
7
Let n = -25802 - -25797. Let k(v) = 66*v + 316. Determine k(n).
-14
Let g = 413 - 411. Let w(o) = -g + 7 + 19 - 39 + o. Calculate w(14).
-1
Let a(q) = q**3 - 10*q**2 + 10*q - 6. Let u = 7 + 5. Suppose -3*s - 5 = 4, 3*x = -5*s + u. Give a(x).
3
Let t(j) = -j - 12. Let o(v) = 1. Let a(w) = 5*o(w) + t(w). Suppose -z + 0*z = -5*p + 1131, -p - 4*z = -243. Suppose 0 = 3*m + 239 - p. What is a(m)?
-3
Let n(f) = -f - 3. Let a(z) = -z**3 - 47*z**2 - 173*z - 51. Let v be a(-43). What is n(v)?
5
Let w(x) = 182*x + 7 - 171*x + 2. Let o(j) = -20*j - 16. Let q(m) = -6*o(m) - 11*w(m). What is q(-8)?
5
Suppose 5*i = -96*h + 93*h + 107, -h + 2*i = -65. Let p(q) = -q**3 + 48*q**2 + 47*q + 104. Give p(h).
6
Suppose 55 = -15*p - 20. Let g = p + 11. Let x(n) = n**2 - 8*n - 6. Let u(j) = j - 1. Let f(r) = -u(r) - x(r). Calculate f(g).
13
Suppose b - 5 = -3. Let q(u) = -u**b - 2*u + 5*u - 4 - 4*u - 3*u. What is q(-4)?
-4
Suppose 2 = w + 5. Let b be ((-22)/6 + 4)*w. Let r(v) = -7*v**2 - 1 + 498*v - 500*v + 2*v**2. Give r(b).
-4
Let i(s) be the second derivative of -3*s**5/20 + s**4/4 - s**3/6 - s**2/2 + 35*s + 2. Let g(p) = 7*p - 12. Let h be g(2). What is i(h)?
-15
Let h(q) be the third derivative of q**4/3 - 2*q**3/3 + 705*q**2. Determine h(4).
28
Let j(t) = -4*t - 28. Let f be (-4 + 22)*((-40)/(-12) + -4). Calculate j(f).
20
Let a be 44/(-6)*(18 - 21). Let o(t) = t**3 - 22*t**2 + t - 20. Give o(a).
2
Suppose -4 = 149*j + 145. Let t(r) = -37*r + 6. Determine t(j).
43
Let m(j) = -275*j - 2200. Let h be m(-8). Let w(i) = -i - 50. Give w(h).
-50
Let j(v) be the first derivative of -11*v**2/2 - 54*v - 142. Give j(-5).
1
Let z(d) be the second derivative of -d**3 - 13*d**2/2 + 798*d. Give z(-11).
53
Let f = 445 - 443. Let l(k) = 11*k**2 + 11*k - 4*k**2 + 3*k**f - 20 + 29 - k**3. What is l(11)?
9
Let r(g) be the third derivative of -g**5/60 - 17*g**4/24 - 35*g**3/3 + 711*g**2. Calculate r(-8).
2
Let j(z) = 29*z**2 + 4*z - 10. Let i(a) = -51*a**2 - 8*a + 21. Let v(x) = -4*i(x) - 7*j(x). Give v(-6).
-2
Suppose 1374*k + 32 = 1430*k - 304. Let y(a) = -a**3 + 0*a**3 - 7 + 7*a + 5*a**2 + 2*a. Give y(k).
11
Let w(k) = 19*k - 8 + 130 + 9*k - 50*k. Give w(6).
-10
Suppose 4*s + 75 - 65 = u, -1 = -u - 5*s. Let a(c) = -14*c + 71. Determine a(u).
-13
Let d(x) = -x**2 + 2*x + 6. Let j(a) = -7*a + 75. Let k be j(5). Let u be k/(-12) + 8/(-12). What is d(u)?
-18
Let f(d) be the third derivative of -d**4/6 - d**3/6 + 153*d**2 + 2*d - 17. Suppose -i - 2*i + o = 7, 2*o = i + 9. Determine f(i).
3
Let f(q) = -10*q + 23. Let n be f(2). Let t(r) = 5*r - 5*r**2 - 90 - r**n + 184 - 99. Determine t(-6).
1
Let k(t) be the first derivative of 10/3*t**3 - 1/2*t**2 - 68 + 4*t - 1/4*t**4. Determine k(10).
-6
Let n = 7944 - 7938. Let z(d) = 8*d + 20. What is z(n)?
68
Let h(f) = 2*f**2 + 20*f - 29. Let x(j) be the third derivative of -j**5/60 - 5*j**4/12 + 5*j**3/2 - 95*j**2. Let z(k) = 3*h(k) + 5*x(k). Calculate z(-11).
-1
Suppose -16*h - 18 = -10*h. Let f be h/(-7) - 244/14. Let k(m) = 2*m + 28. Let p be k(f). Let s(c) = -c**3 - 7*c**2 - 5*c + 2. Determine s(p).
-4
Suppose -3*t - 20 = t. Let a(n) = -7 - 23*n**2 + 27*n**2 + 428*n**3 - 8*n - 844*n**3 + 417*n**3. What is a(t)?
8
Let u(b) = -2*b - 6. Let l(d) = -5*d + 3. Let g be l(0). Let k(t) = 4*t**2 - 9*t - 3. Let i be k(g). Let q be -1 + -2 + i/(-6). Give u(q).
2
Let f(v) = -31*v**3 + v - 2. Let p(y) = -336*y - 2351. Let a be p(-7). What is f(a)?
-32
Let l = 9025 - 9017. Let d(b) = 2*b - 45. Determine d(l).
-29
Let t(p) = -13*p**2 - 13 + 591*p - 3*p**3 - 609*p - 2 + 2*p**3. Give t(-12).
57
Let z be (2 - 4)*2 + 50. Let m = z + -43. Let t(q) = 17 + q**m - q + 9*q + 9*q**2 - 6. Give t(-8).
11
Let i = 38 + -33. Suppose -18*t = -15*t - 6. Let o(h) = 22*h - 14*h + 1 - 7 - h**t - 1. Determine o(i).
8
Let g(s) be the third derivative of -17*s**2 + 0 - 1/60*s**5 + 0*s**4 - 2*s + 2/3*s**3. Give g(-4).
-12
Let q(f) = f**2 + 4*f - 5. Let m = 275 + -253. Suppose -m*t - 44 = 88. Give q(t).
7
Let h(v) = -4*v - 43. Let z be (1 + 0)*(-56)/672 + 203/(-12). Give h(z).
25
Let m(i) = -i**3 + 6*i**2 + 25*i + 9. Let w be (15/(-25)*(-1 + 16))/(18 + -19). Determine m(w).
-9
Let j(v) = 7 + 4*v + 5*v**2 - 19 - 4*v + 10 - v. Determine j(-1).
4
Let q(g) = g - 15. Let i be q(13). Let f be (8 - 6)/i*(-2 - -1). Let d(x) be the third derivative of -x**6/40 + x**4/12 - x**3/6 - 170*x**2. Calculate d(f).
-2
Let s(c) be the third derivative of c**6/60 + 2*c**5/15 - 13*c**4/24 - 2*c**3 + 2015*c**2. Determine s(-5).
3
Let k(v) = v**3 + 7*v**2 + 12*v + 4. Let c be k(-3). Let h(j) = 5*j - 22. Give h(c).
-2
Let u be (-2 + (-18)/(-4))*2. Let v(c) = c**2 - 3*c + 10. Let g be v(u). Suppose -4*w = -3*n + 7 - g, 15 = 3*n + 3*w. Let q(z) = 9*z - 1. Give q(n).
8
Suppose 0 = 2*v + 2*v - 2*y - 6, 2*v - 5 = -y. Let l(k) = -860*k**v + 856*k**2 + k - k. Let m = 11 + -10. Calculate l(m).
-4
Let i(x) = x**2 + 5*x - 33. Let a be ((-108)/72)/(3/2) - -6. Determine i(a).
17
Let v(j) be the first derivative of -j**4/4 + 2*j**3 + 6*j**2 + 8*j + 7381. Calculate v(6).
80
Suppose -94*a - 67*a = 4186. Let f(i) = -i**3 - 26*i**2 + 1. Determine f(a).
1
Suppose 0 = 7*w + 2 - 16. Let q(o) = 3 + 60*o - 63*o + o**3 - w. What is q(2)?
3
Let b = 134 + -142. Let v be 1/((-8)/448*b). Let h(z) = -z**3 + 6*z**2 + 3*z 